and f?
14
Let c be (108 - -24)*2/8. What is the highest common divisor of 341 and c?
11
Suppose -11*g = -141 + 42. What is the greatest common factor of g and 171?
9
Suppose -3*q + 7 = 2*u, 14*u = 12*u + 4*q + 28. Calculate the greatest common factor of 216 and u.
8
Suppose 22 = a + 2*g, -3*a - 2*g = -7*g - 11. What is the greatest common divisor of 80 and a?
4
Let t(j) be the second derivative of 2*j**3 - 3*j**2 + 2*j. Let f be t(3). Let q = f + 34. Calculate the highest common factor of q and 8.
8
Let o be (-1 - 1805/10)*(-2)/3. What is the highest common divisor of 22 and o?
11
Let x(j) = -5*j + 7. Let t be x(0). Suppose -4*i + 280 = i. Calculate the greatest common divisor of t and i.
7
Let x = -60 - -59. Let n be (-13*x/(-2) + -4)*-18. What is the highest common factor of 27 and n?
27
Let u(b) = b**2 - 4*b + 6. Let g be u(6). Let j(l) = -4*l - 42. Let i be j(-12). Let r be (-4392)/(-27) - 4/i. Calculate the greatest common factor of r and g.
18
Let l be 10/(-6) + 376/24. Calculate the greatest common factor of 224 and l.
14
Let a = -33 + 36. Suppose -a*m - m = 20. Let p(o) = 2*o**2 + 2*o - 4. Let v be p(m). Calculate the greatest common factor of 4 and v.
4
Let m = -5 - -26. Calculate the highest common divisor of 9 and m.
3
Suppose 2*d = -p + 11, -d + 3*p + 32 = 9. Calculate the highest common divisor of 2 and d.
2
Let m = 50 + -45. Suppose -4*p + 6*p - 5*b - 21 = 0, -4*p + m*b + 37 = 0. Calculate the highest common factor of p and 12.
4
Suppose 0 = -g + 2*d + 22, 0*g = 2*g + 3*d - 30. Let k be 2/((-18)/3) - (-2166)/g. Calculate the highest common factor of 15 and k.
15
Let t = 36 - -77. Let a = -1 - -6. Suppose a*i = -2*f + 75, 5*f = -2*i + t + 22. What is the greatest common divisor of 10 and f?
5
Let w be (5 + 27)*2/(24/9). Calculate the highest common divisor of 552 and w.
24
Let r(p) = 2*p**3 + 7*p**2 - 4*p + 2. Let b be r(-4). Calculate the greatest common divisor of 17 and b.
1
Suppose -f = 4*w - 3*w + 46, w + 42 = -3*f. Let l = 90 + w. Calculate the highest common factor of l and 14.
14
Suppose -4*r - 4*c + 2*c + 168 = 0, 5*r = -5*c + 200. Suppose -149 = -2*l - 21. Let m = l - r. Calculate the greatest common factor of m and 160.
20
Suppose -5*t + 379 = -1. Calculate the highest common divisor of t and 4.
4
Suppose -n - 17 - 8 = 0. Let s be ((-5)/(n/(-10)))/((-1)/22). Calculate the highest common divisor of 4 and s.
4
Let t = -39 - -41. Suppose d - 9 = t. What is the greatest common divisor of 88 and d?
11
Let o be 14/(-9) + 2 + (-23864)/(-171). What is the highest common divisor of o and 56?
28
Let m(x) = 6*x + 1. Suppose 2*q - 4*q = 3*v + 1, 0 = 5*v - 25. Let i be m(q). Let u = 1 - i. Calculate the highest common divisor of 32 and u.
16
Let t = -4 + 6. Let g(k) = -k**3 + 4*k**2 + k. Let b be g(4). Suppose -b*p + 8 = -t*d - 8, -16 = -4*p + d. Calculate the highest common divisor of 16 and p.
4
Let a be 3 + (-1)/1 - 4. Let w(z) = z**3 - 2*z**2 - 2*z + 2. Let y be w(a). Let q be (-4)/y - 324/(-15). Calculate the highest common divisor of 198 and q.
22
Let s(t) = t**3 - 10*t**2 - 9*t + 28. Let n be (2 + 0)*(-33)/(-6). Let j be s(n). What is the highest common factor of j and 20?
10
Let k(b) be the second derivative of b**4/6 + b**3 + 3*b**2 - 2*b + 34. Let d be k(0). Calculate the highest common divisor of d and 18.
6
Let a = -9 + 9. Suppose a = 4*y - 16 - 44. What is the greatest common divisor of 10 and y?
5
Suppose 18946 = 35*s - 1984. Calculate the greatest common divisor of s and 46.
46
Let w = 63 - 59. Let f(i) = i**2 + i + 5. Let j be f(0). Suppose -2*s = j*n - 7*s, 5*n - 3*s = w. Calculate the highest common factor of n and 18.
2
Let z be (-33)/(5 - 1557/306). Calculate the greatest common divisor of 11 and z.
11
Let k = -26 + 46. What is the greatest common divisor of 380 and k?
20
Let l be 26064/648 - (-4)/(-18). What is the greatest common factor of 360 and l?
40
Let v(i) = 2*i**2 - 18*i + 30. Let s be v(2). Let q be (-2)/((2/(-5))/(-1)). Let g be 10 + q/((-5)/s). Calculate the highest common divisor of 24 and g.
12
Let d(i) = i**2 - 3*i + 1. Let p be d(6). Suppose 8 + p = 3*x. Let a = 16 - x. What is the greatest common factor of 1 and a?
1
Let a be 5 - (-1 + 0 + 3). Let z be 1/(a/(2 + 7)). Suppose 3*y + 510 = 5*k, 279 = 5*k + z*y - 261. Calculate the highest common divisor of k and 15.
15
Let w(o) = 8*o + 16. Let z be w(-16). Let h = -66 - z. Calculate the highest common divisor of 115 and h.
23
Let u = -101 - -99. Let k be u*(-40 - -1) - 1. What is the greatest common factor of k and 22?
11
Let x = -347 - -458. Suppose 0*v = 3*v - 111. Calculate the greatest common divisor of v and x.
37
Suppose 5*r = 347 + 328. Let l(d) = -2*d**2 + d + 120. Let c be l(-7). What is the highest common divisor of c and r?
15
Let p = 25 - 37. Let h be (-75)/(3 - (-40)/p). Calculate the greatest common divisor of 45 and h.
45
Let f(n) = n**3 + 5*n**2 - 9*n - 3. Let u be f(-6). Let a = -2991 - -3006. What is the highest common factor of a and u?
15
Suppose -3*t + 23 = 5*s, -3*t + 10 = s - 9. Calculate the greatest common factor of 138 and t.
6
Let t = -247 + 270. Calculate the greatest common factor of 253 and t.
23
Suppose 3*m - 32 = -4*k + 62, 2*m - 70 = -3*k. Suppose -89 - 10 = -3*v. Calculate the highest common factor of v and k.
11
Let k = 38 + -33. Suppose 0*a - 3*d = -2*a + 29, k*d = -3*a - 4. Calculate the highest common divisor of a and 21.
7
Let c = -72 - -108. Let v be (-279)/12 - (-2)/8. Let w = v + c. What is the highest common divisor of 143 and w?
13
Let u(a) = -16*a - 209. Let t be u(-14). Calculate the greatest common factor of 510 and t.
15
Let v = 1179 + -1179. Let y = 89 + 54. Suppose -2*m - a + y = v, -4*m + 365 = m - 5*a. What is the highest common factor of 24 and m?
24
Let d(q) = 157*q - 2. Let j be d(-6). Let k = j - -1740. Let v = k - 562. Calculate the greatest common factor of 26 and v.
26
Suppose 2*p + 3*p = -25. Let d be (18/p)/((-15)/200). What is the highest common divisor of 12 and d?
12
Suppose 5*j - 17 = 13. Let n be 24/(-20) + 567/35 + 3. Suppose 4*m + n = -s, s = j*s + 2*m. What is the greatest common factor of 6 and s?
2
Let p(y) = y + 203. Let n be p(-35). Let r = -4 - -28. What is the greatest common factor of n and r?
24
Suppose 3*p - 618 = c + 1575, 0 = 3*p + 2*c - 2193. What is the highest common factor of 43 and p?
43
Suppose 0 = -m - 4*m + 150. Suppose -s + 2 = 4*t - 0, -26 = -s + 2*t. Let o = s - 8. Calculate the highest common factor of o and m.
10
Let k be 8*(-3 - -1)/2. Let f(y) be the third derivative of -y**4/12 + y**3/2 + y**2. Let v be f(k). Calculate the greatest common factor of 152 and v.
19
Let s(c) = -c + 7. Let p be s(13). Let r be (-4 - -7)*(-86)/p. Suppose 4*z = r + 485. Calculate the greatest common divisor of z and 12.
12
Suppose 62 = 2*l + 2*d + d, 54 = 2*l + d. Let a = 58 - l. Let b be 5*2 - (-2 + 1). What is the greatest common divisor of b and a?
11
Let h(u) = u**3 - 8*u**2 + 2*u + 1. Let r be h(9). What is the highest common factor of r and 20?
20
Let t = 267 + -247. What is the highest common divisor of 340 and t?
20
Let u = -31 - -34. Suppose -23 = -u*q - 2. Let o(b) = 5*b - 3. Let y be o(2). What is the highest common factor of y and q?
7
Suppose a = 2*a - 9. Suppose a*v - v = 1296. Calculate the highest common factor of 18 and v.
18
Let k be -2 - -1 - (-9 - -8). Suppose -4 = 2*q, -5*l - 8*q + 7*q + 673 = k. What is the greatest common divisor of 45 and l?
45
Let r be (-73 - 26)*2/(-3). Calculate the greatest common divisor of 6 and r.
6
Suppose -52 = -4*c + 4*n, -177*c + 5*n - 63 = -180*c. Let v = 3 - -5. Calculate the highest common factor of c and v.
8
Let m(i) = i**2 + 11*i - 136. Let r be m(-23). What is the highest common factor of 40 and r?
20
Let l = -204 + 145. Let u = -40 - l. Let n = 29 - u. Calculate the highest common divisor of n and 4.
2
Suppose -z - 85 = -4*r, 5*r - 4*z = 113 + 7. Calculate the highest common factor of 72 and r.
4
Suppose 0*o + 4*o + 22 = i, -4*o - 20 = 0. What is the highest common divisor of i and 34?
2
Suppose -4*q + 128 = 2*x, -x + 164 = -3*q + 85. Calculate the greatest common factor of x and 1225.
35
Suppose -2*g = -i + 6*i + 96, -4*g = -8. Let h be -3 - 21/(-9) - i/3. Calculate the greatest common factor of 30 and h.
6
Let h 